, 80167
What are the prime factors of 966662?
2, 37, 13063
List the prime factors of 211738.
2, 23, 4603
List the prime factors of 723312.
2, 3, 5023
List the prime factors of 8721902.
2, 7, 61, 1459
What are the prime factors of 6748?
2, 7, 241
List the prime factors of 2578076.
2, 644519
List the prime factors of 2369257.
11, 43, 5009
What are the prime factors of 828271?
541, 1531
What are the prime factors of 21432785?
5, 11, 389687
List the prime factors of 554396.
2, 138599
What are the prime factors of 184468?
2, 107, 431
What are the prime factors of 568455?
3, 5, 37897
List the prime factors of 11389182.
2, 3, 7, 373, 727
List the prime factors of 7380037.
7, 19, 7927
List the prime factors of 313328.
2, 19583
List the prime factors of 9972698.
2, 4986349
What are the prime factors of 1461076?
2, 41, 59, 151
List the prime factors of 864182.
2, 11, 3571
What are the prime factors of 13934958?
2, 3, 2322493
What are the prime factors of 13548035?
5, 23, 117809
What are the prime factors of 2032521?
3, 37, 18311
List the prime factors of 238004.
2, 13, 23, 199
List the prime factors of 4451999.
4451999
List the prime factors of 14824587.
3, 71, 79, 881
What are the prime factors of 735294?
2, 3, 7, 41, 61
What are the prime factors of 176205?
3, 5, 17, 691
What are the prime factors of 409756?
2, 89, 1151
What are the prime factors of 382163?
382163
What are the prime factors of 294199?
294199
List the prime factors of 4646765.
5, 547, 1699
List the prime factors of 1589796.
2, 3, 13, 43, 79
List the prime factors of 3273382.
2, 7, 61, 3833
List the prime factors of 19489416.
2, 3, 727, 1117
What are the prime factors of 312832?
2, 13, 47
What are the prime factors of 260735?
5, 52147
What are the prime factors of 23769665?
5, 19, 151, 1657
What are the prime factors of 908955?
3, 5, 6733
List the prime factors of 9065711.
2239, 4049
List the prime factors of 280958.
2, 59, 2381
List the prime factors of 3809648.
2, 238103
What are the prime factors of 6275651?
6275651
What are the prime factors of 444726?
2, 3, 31, 797
List the prime factors of 87431.
17, 37, 139
List the prime factors of 1712801.
17, 53, 1901
List the prime factors of 10355467.
2671, 3877
What are the prime factors of 10909?
10909
What are the prime factors of 7551781?
7551781
List the prime factors of 379686.
2, 3, 63281
List the prime factors of 2451202.
2, 13, 23, 4099
What are the prime factors of 36179?
11, 13, 23
What are the prime factors of 34236?
2, 3, 317
List the prime factors of 385033.
11, 17, 29, 71
What are the prime factors of 14739013?
14739013
What are the prime factors of 4292215?
5, 131, 6553
List the prime factors of 182186.
2, 71, 1283
What are the prime factors of 1325615?
5, 265123
List the prime factors of 2985642.
2, 3, 11, 17, 887
What are the prime factors of 4787677?
19, 251983
What are the prime factors of 325423?
7, 46489
List the prime factors of 394742.
2, 197371
List the prime factors of 197879.
11, 17989
What are the prime factors of 53515?
5, 7, 11, 139
List the prime factors of 279077.
149, 1873
List the prime factors of 1230763.
19, 211, 307
What are the prime factors of 433326?
2, 3, 72221
What are the prime factors of 10925296?
2, 173, 3947
What are the prime factors of 1947602?
2, 973801
List the prime factors of 429186.
2, 3, 233, 307
List the prime factors of 673422.
2, 3, 112237
List the prime factors of 1523111.
67, 127, 179
What are the prime factors of 482015?
5, 149, 647
List the prime factors of 11340253.
587, 19319
What are the prime factors of 7183735?
5, 13, 29, 37, 103
List the prime factors of 7135035.
3, 5, 475669
List the prime factors of 10960270.
2, 5, 43, 71, 359
List the prime factors of 15416783.
877, 17579
List the prime factors of 818759.
617, 1327
What are the prime factors of 607542?
2, 3, 13, 7789
List the prime factors of 1498515.
3, 5, 99901
What are the prime factors of 1062412?
2, 13, 20431
List the prime factors of 793864.
2, 99233
What are the prime factors of 84703?
71, 1193
What are the prime factors of 90746?
2, 17, 157
List the prime factors of 346284.
2, 3, 9619
List the prime factors of 5426373.
3, 113, 16007
What are the prime factors of 270122?
2, 131, 1031
What are the prime factors of 8136619?
1223, 6653
What are the prime factors of 831241?
293, 2837
List the prime factors of 3704294.
2, 11, 15307
What are the prime factors of 971969?
67, 89, 163
What are the prime factors of 1303092?
2, 3, 7, 5171
What are the prime factors of 3345749?
11, 103, 2953
What are the prime factors of 1000706?
2, 7, 71479
What are the prime factors of 10956362?
2, 5478181
What are the prime factors of 1175741?
7, 101, 1663
List the prime factors of 6200133.
3, 23, 59, 1523
What are the prime factors of 1394857?
1394857
List the prime factors of 1627105.
5, 325421
List the prime factors of 78074.
2, 103, 379
What are the prime factors of 110648?
2, 13831
What are the prime factors of 8124868?
2, 2031217
What are the prime factors of 125186?
2, 53, 1181
What are the prime factors of 14004775?
5, 560191
What are the prime factors of 3532228?
2, 7, 126151
What are the prime factors of 2288896?
2, 8941
What are the prime factors of 853300?
2, 5, 7, 23, 53
What are the prime factors of 1106732?
2, 11, 25153
List the prime factors of 540494.
2, 53, 5099
List the prime factors of 1378180.
2, 5, 68909
List the prime factors of 988183.
7, 43, 67
List the prime factors of 219029.
23, 89, 107
List the prime factors of 27202.
2, 7, 29, 67
List the prime factors of 317364.
2, 3, 53, 499
List the prime factors of 207441.
3, 13, 197
What are the prime factors of 21041023?
1013, 20771
List the prime factors of 53165.
5, 7, 31
What are the prime factors of 125059?
11, 11369
What are the prime factors of 1008745?
5, 229, 881
What are the prime factors of 5201815?
5, 71, 14653
What are the prime factors of 371881?
373, 997
List the prime factors of 319035.
3, 5, 21269
List the prime factors of 827878.
2, 89, 4651
List the prime factors of 1955511.
3, 31, 43, 163
List the prime factors of 208508.
2, 52127
What are the prime factors of 94823?
94823
List the prime factors of 9107709.
3, 13, 347, 673
List the prime factors of 4549324.
2, 13, 89, 983
List the prime factors of 6943999.
23, 301913
List the prime factors of 519272.
2, 13, 4993
What are the prime factors of 386316?
2, 3, 7, 73
List the prime factors of 940151.
17, 29, 1907
What are the prime factors of 742807?
13, 57139
What are the prime factors of 26449?
26449
What are the prime factors of 1207651?
241, 5011
What are the prime factors of 3892675?
5, 155707
What are the prime factors of 14364761?
14364761
List the prime factors of 2026940.
2, 5, 101347
What are the prime factors of 194739?
3, 139, 467
What are the prime factors of 2828695?
5, 47, 12037
List the prime factors of 1208816.
2, 7, 43, 251
What are the prime factors of 2949825?
3, 5, 37, 1063
List the prime factors of 50788.
2, 12697
What are the prime factors of 484332?
2, 3, 40361
What are the prime factors of 2298791?
11, 17, 19, 647
What are the prime factors of 149771?
149771
What are the prime factors of 1451986?
2, 725993
What are the prime factors of 1011246?
2, 3, 168541
List the prime factors of 192068.
2, 48017
List the prime factors of 270590.
2, 5, 27059
List the prime factors of 532987.
7, 13, 5857
List the prime factors of 6530049.
3, 337, 2153
List the prime factors of 391333.
89, 4397
List the prime factors of 467180.
2, 5, 7, 47, 71
List the prime factors of 421953.
3, 7, 71, 283
List the prime factors of 5599935.
3, 5, 11, 419
What are the prime factors of 2702348?
2, 11, 61417
What are the prime factors of 624404?
2, 11, 23, 617
What are the prime factors of 161452?
2, 181, 223
List the prime factors of 32461671.
3, 11, 19, 23, 2251
What are the prime factors of 18742736?
2, 1171421
List the prime factors of 1929514.
2, 964757
List the prime factors of 6255592.
2, 7, 17, 6571
What are the prime factors of 1182660?
2, 3, 5, 23, 857
List the prime factors of 12113954.
2, 239, 25343
List the prime factors of 1027.
13, 79
List the prime factors of 2090472.
2, 3, 87103
What are the prime factors of 3371373?
3, 67, 5591
What are the prime factors of 469481?
29, 16189
What are the prime fac